= -p**2 + 16*p - 33. Let y be (1 - 4/(-8))*16/3. Is x(y) composite?
False
Let g(k) = -18342*k**3 - 2*k**2 + 12*k + 11. Is g(-1) composite?
True
Let t(m) = -m**2 - 5*m - 4. Let l be t(-3). Suppose -2*n + 172 = l*n. Is n composite?
False
Let t = 49 - 47. Suppose -t*v + 1349 = -s, 3*v - 3*s = -v + 2701. Is v composite?
False
Let r = 1764 + -325. Is r a composite number?
False
Let n(b) = -426*b + 19. Is n(-13) a composite number?
False
Let j be ((-171)/12)/(4/592). Is ((-16)/(-24))/((-2)/j) composite?
True
Let k = 101 + -47. Let p = 83 - k. Suppose 3*i + 20 - p = 0. Is i prime?
True
Let k = 7822 - -2211. Is k composite?
True
Let u be (0 - -1)*2 + -1. Is (-11476)/(-10) + u/(15/(-9)) a prime number?
False
Suppose 5*t = 3*t + 10. Let z(n) = n**2 - 4*n + 3. Let u be z(t). Let w(m) = m**2 - 6*m + 7. Is w(u) a prime number?
True
Let i(s) = 14*s**2 - 28*s - 36. Let r(h) = h**2 + h - 1. Let m(f) = i(f) - 10*r(f). Is m(18) a composite number?
True
Let x = -31 - -11. Let f = 21 + x. Let y(d) = 636*d**2 - 1. Is y(f) a composite number?
True
Let w be ((-8)/5)/(246/(-60) - -4). Is ((-132)/w)/3*-28 a prime number?
False
Let p(w) = -7*w**2 - 14*w + 8*w + w**3 - 1 - 7*w. Let t = -31 + 41. Is p(t) a composite number?
True
Let y = 77 - 71. Suppose 2*p + y*p - 2984 = 0. Is p composite?
False
Let w = 1695 - 1438. Is w prime?
True
Let r = 11 - 15. Let n be (2 - 1)/(r/(-8)). Suppose n*c = 190 + 64. Is c a prime number?
True
Let v = -15 + 15. Suppose -t + 128 = -4*o, -o + 4*o - 9 = v. Is t + (3 - 0/(-3)) a prime number?
False
Let v(l) = 4*l**3 - 6*l**2 - 31*l - 2. Is v(13) a prime number?
True
Let t be ((-142)/(-4))/(2/60) + -4. Let g = -22 + t. Is g composite?
False
Suppose 2*c + 6*c - 1344 = 0. Let i = 17 + c. Is i composite?
True
Let a(h) = 2*h - 11. Let t be a(10). Suppose 7500 - 579 = t*q. Is q a composite number?
False
Let a = 8 - -16. Suppose -a*y = -23*y - 1777. Is y a composite number?
False
Let z = 48 - 84. Is z/63 + 2/((-28)/(-20602)) a composite number?
False
Let z(k) = 22*k**2 + 7*k - 22. Is z(-5) composite?
True
Is 485 + (1 - (0 - -7)) a composite number?
False
Is 3/((-96)/(-3512)) + 6/(-8) composite?
False
Let j be (3 + -6 - 4) + 3. Let v(t) = 34*t**2 - t + 9. Let q be v(j). Let s = q + -160. Is s composite?
False
Let o(z) = -z**3 - z + 65. Let i be (2 - 2)*(-9)/(-36). Suppose 3*f - 12 = -n, -2*n - 2*f = -i - 8. Is o(n) a composite number?
True
Let t(j) = -110*j + 1. Suppose 3*q + x - 52 = 0, -x = q + x - 24. Let n = q + -17. Is t(n) a composite number?
True
Let p(t) = -t**3 - 3*t**2 + t - 1. Let f be p(-5). Suppose -4*a = -236 - f. Suppose 0 = -d - d + a. Is d prime?
False
Let d be 1 - (-15)/(-6) - (-1510)/20. Suppose 0 = -d*p + 71*p + 4215. Is p a composite number?
True
Let f = -10 - -9. Let r = f - -3. Suppose r*s + s = 231. Is s a prime number?
False
Let b = 3 - 1. Let y be (1/b)/((-4)/(-56)). Suppose 4*q - y = 3*a + 4, -2*a = -5*q + 12. Is q composite?
False
Let d = 16179 - -26414. Is d a prime number?
False
Let c(g) = 161*g**3 - 10*g**2 + 8*g - 5. Is c(4) a composite number?
True
Let v = 837 - 596. Let j(m) = m**3 - 15*m**2 + 20*m + 12. Let b be j(14). Let w = b + v. Is w composite?
False
Let s(z) be the third derivative of 1/60*z**5 - 8*z**2 + 0 - 1/6*z**3 + 1/6*z**4 + 0*z. Is s(6) composite?
False
Suppose 0 = -x + 5*x - 1172. Is x prime?
True
Let z = -49 - -63. Is -4 + (-273)/z*(-78)/1 composite?
True
Suppose 26*d = 52*d - 479986. Is d composite?
False
Let b(p) = -p**3 - 6*p**2 + 11. Let y be (14/4 - -1)*(-16)/12. Is b(y) composite?
False
Let z be (18/(-24))/((-2)/1712). Suppose 0 = -3*w + z + 981. Is w prime?
True
Suppose 5*q - 2921 + 206 = 0. Suppose -5*l + 4*p = -475, 5*p + q - 154 = 4*l. Is l composite?
True
Is 4/((-112)/(-9284)) + (-8)/14 prime?
True
Let m(b) = 95*b**3 - 21*b**2 + 30*b - 29. Is m(11) a prime number?
False
Is (-2 + 39*415)*(14 + -13) prime?
True
Let w = -468 + 957. Let b = 1015 - w. Is b composite?
True
Let j(w) = -w**2 + 5*w + 8. Let x be j(6). Suppose -x*r = 4*r - 3270. Is r prime?
False
Is 14/(-42) - (8278/(-3) + 2) prime?
False
Let w(j) be the first derivative of 26*j**3/3 - 5*j**2 + 3*j + 3. Is w(-5) a composite number?
True
Suppose 2*r = 4*x - 22070, -29*r + 25*r = -12. Is x a prime number?
True
Suppose -k = -4*k + 15, 3*p - 1906 = -5*k. Is p + 27/15 + (-1)/(-5) prime?
False
Let n(p) = -26*p + 1. Suppose 2*q = -4*i - 2*q - 24, -2*i + 2*q = 0. Is n(i) composite?
False
Suppose -1386 = -3*k + k. Let f = k + -384. Is f a prime number?
False
Suppose 0 = 11*o - 6*o + 1185. Let n = -118 - o. Suppose -3*m + n = -2*m. Is m a composite number?
True
Suppose 0 = 6*l - 21732 - 4230. Is l a prime number?
True
Suppose 2 = 3*p - 4*p, -3*q - 2*p + 3257 = 0. Is q a prime number?
True
Let d be (-15)/(3/(-3) + 0). Suppose -3*b = -3*x + d, 0 = -5*x - b - 5 + 18. Suppose -2*r + x*r = 113. Is r prime?
True
Let t(w) = 32*w**2 + 51*w + 20. Is t(17) a composite number?
True
Let o be ((-13)/3 + 3)*-9. Suppose 0 = 4*y + y - 575. Let c = o + y. Is c a prime number?
True
Suppose c + 1 = -2*j, 3 = j + c + 6. Let u be -3 + (167 - j) + -3. Suppose -5*k + 2*k + u = 0. Is k prime?
True
Let h(w) = -17*w - 7. Let g(a) = -34*a - 13. Let c(d) = 6*g(d) - 13*h(d). Is c(14) a composite number?
False
Let a(h) = -h**2 + 244. Let r be a(0). Suppose 2*u + 0*u + r = 2*b, -u + 503 = 4*b. Suppose -5*s = -380 + b. Is s a composite number?
True
Let i be (3970/35 - 2)*7. Suppose 3*b = 447 + i. Is b a prime number?
True
Let h be 2 + 5*(-2)/(-10). Suppose h*j = 4*v - 580, -4*v + 0*j = -j - 580. Is v a composite number?
True
Is 0 + (-16)/(-24) + (-251354)/(-6) composite?
False
Let p(m) = 27*m - 1. Let i be ((-20)/(-3))/((-4)/12). Let y be (-16)/i*10/4. Is p(y) a prime number?
True
Let c = -23 - -26. Suppose 4*k = -2*z + 7124, -c*z = k - 4*z - 1778. Suppose 0 = 4*o - 0*o - k. Is o a composite number?
True
Let y(d) = 2*d**2 + 4*d + 6. Suppose 2*q - 5*h = 5 - 21, -3*h = -2*q - 12. Let u be y(q). Suppose -u*i = -11*i - 235. Is i a prime number?
False
Let n be (-8140)/35 - 6/14. Let j = 344 + n. Is j a composite number?
True
Suppose -5*k + 282687 + 43507 = t, 3*t + 3 = 0. Is k composite?
False
Let g(x) = 33*x**2 + 8*x + 3. Let j be g(-3). Let a(z) = -77*z**3 + z**2 - 1. Let v be a(-1). Let p = j - v. Is p a prime number?
True
Let o = 6165 + -1967. Is o prime?
False
Suppose -5*m - 426 = -2*m - 3*u, 266 = -2*m - 4*u. Let d = m + 512. Is d a composite number?
False
Suppose 8*c - 21806 = 14682. Is c composite?
False
Let z = 18 + 35. Let y(x) = 20*x - 4. Let c be y(11). Suppose j = c + z. Is j composite?
False
Suppose 0 = 17*g - 13*g - 2*t - 14, -14 = -3*g + 5*t. Let u(n) be the second derivative of n**4/12 + n**3/3 - 2*n**2 - n. Is u(g) a composite number?
False
Let f(l) = 0*l - 6*l + 9 + 4*l**2 + 4*l. Is f(10) composite?
False
Let w(h) = h**2 - 3*h - 17. Let m = 15 - 6. Is w(m) a prime number?
True
Let j(k) = -13*k - 25. Let i be j(-14). Let z = i + 23. Suppose t - z + 19 = 0. Is t a prime number?
False
Let v be ((-3)/(-2)*121)/((-13)/(-962)). Is v/44 - (-2)/((-8)/1) a prime number?
False
Suppose -2*s - 5*w = 2*s - 18878, 3*s = 4*w + 14174. Suppose o - 2360 = -t, -2*o + 0*t + s = 4*t. Is o composite?
True
Let m = -60 + 58. Is 4498/6 - m/(-3) a composite number?
True
Suppose -3*g + 24 = 5*x, 0*g - 4*g = 4*x - 24. Let l(v) = v**3 - 2*v**2 - 4. Let t be l(g). Suppose -449 = -c + 5*m, 48 + 2293 = t*c - m. Is c a prime number?
False
Suppose -h + 0*h + 4*u = -3337, 2*u = -2. Suppose 92 = 5*t - h. Is t composite?
True
Is (48/16)/(1/(310/6)) prime?
False
Let g be (-32)/(-3)*333/4. Let c = g - 570. Suppose 0*n - c = -6*n. Is n composite?
False
Suppose -88*l + 153*l = 158275. Is l prime?
False
Suppose 2 = t - 0. Suppose 581 = 2*f - 0*f - k, -4*f + 1182 = t*k. Is f a composite number?
False
Suppose -3*n + 36*p - 32*p = -77807, 0 = 5*p - 20. Is n prime?
False
Suppose -433485 = -7*v - 109742. Is v a prime number?
False
Is 2240862/24 + (-28)/(-16) composite?
False
Let j(l) = 18*l**3 - l**2 + 13*l + 6. Let g be j(-5). Let c = -1171 - g. Is c prime?
True
Let y be 1*273 - (-6 - -5). Let f = y - 63. Suppose -3*b = -4*b + f. Is b a composite number?
False
Suppose -6 = -p + 25. Let f = p + -10. Is f composite?
True
Let w = -442 + 7847. Is w a composite number?
True
Suppose 8*m - 7*m - 3 = 0. Let s